{"id":674,"date":"2023-04-12T15:47:14","date_gmt":"2023-04-12T13:47:14","guid":{"rendered":"https:\/\/labiblechantee.com\/?page_id=674"},"modified":"2024-06-18T11:35:29","modified_gmt":"2024-06-18T09:35:29","slug":"chantons-la-parole-2","status":"publish","type":"page","link":"https:\/\/labiblechantee.com\/?page_id=674","title":{"rendered":"Chantons La Parole 2"},"content":{"rendered":"<table style=\"border-collapse: collapse; width: 148.719%; height: 1025px;\">\n<tbody>\n<tr>\n<td style=\"width: 42.6247%;\" valign=\"top\"><iframe loading=\"lazy\" src=\"https:\/\/w.soundcloud.com\/player\/?url=https%3A\/\/api.soundcloud.com\/playlists\/1601302462&amp;color=%23ff5500&amp;auto_play=false&amp;hide_related=false&amp;show_comments=true&amp;show_user=true&amp;show_reposts=false&amp;show_teaser=true\" width=\"100%\" height=\"450\" frameborder=\"no\" scrolling=\"no\"><\/iframe><\/p>\n<div style=\"font-size: 10px; color: #cccccc; line-break: anywhere; word-break: normal; overflow: hidden; white-space: nowrap; text-overflow: ellipsis; font-family: Interstate,Lucida Grande,Lucida Sans Unicode,Lucida Sans,Garuda,Verdana,Tahoma,sans-serif; font-weight: 100;\"><a style=\"color: #cccccc; text-decoration: none;\" title=\"La Bible chant\u00e9e par les enfants\" href=\"https:\/\/soundcloud.com\/psaporito\" target=\"_blank\" rel=\"noopener\">La Bible chant\u00e9e par les enfants<\/a> \u00b7 <a style=\"color: #cccccc; text-decoration: none;\" title=\"CHANTONS LA PAROLE 2 (nouvelle version)\" href=\"https:\/\/soundcloud.com\/psaporito\/sets\/chantons-la-parole-2-nouvelle\" target=\"_blank\" rel=\"noopener\">CHANTONS LA PAROLE 2 (nouvelle version)<\/a><\/div>\n<div style=\"font-size: 10px; color: #cccccc; line-break: anywhere; word-break: normal; overflow: hidden; white-space: nowrap; text-overflow: ellipsis; font-family: Interstate,Lucida Grande,Lucida Sans Unicode,Lucida Sans,Garuda,Verdana,Tahoma,sans-serif; font-weight: 100;\"><a style=\"color: #cccccc; text-decoration: none;\" title=\"La Bible chant\u00e9e par les enfants\" href=\"https:\/\/soundcloud.com\/psaporito\" target=\"_blank\" rel=\"noopener\">La Bible chant\u00e9e par les enfants<\/a> \u00b7 <a style=\"color: #cccccc; text-decoration: none;\" title=\"CHANTONS LA PAROLE 2 (nouvelle version)\" href=\"https:\/\/soundcloud.com\/psaporito\/sets\/chantons-la-parole-2-nouvelle\" target=\"_blank\" rel=\"noopener\">CHANTONS LA PAROLE 2 (nouvelle version)<\/a><\/div>\n<\/td>\n<td style=\"width: 60.1371%; text-align: center;\" valign=\"top\">\n<h4><strong>Chantons La Parole 2<\/strong><\/h4>\n<p><span style=\"font-size: 10pt;\">(cliquer sur la pochette avoir pour le d\u00e9tail des chants)<\/span><\/p>\n<p><a href=\"https:\/\/labiblechantee.com\/?page_id=678\"><img loading=\"lazy\" decoding=\"async\" class=\"alignnone size-medium wp-image-661\" src=\"https:\/\/labiblechantee.com\/wp-content\/uploads\/2023\/04\/CLP2-cover-300x300.jpg\" alt=\"\" width=\"300\" height=\"300\" srcset=\"https:\/\/labiblechantee.com\/wp-content\/uploads\/2023\/04\/CLP2-cover-300x300.jpg 300w, https:\/\/labiblechantee.com\/wp-content\/uploads\/2023\/04\/CLP2-cover-150x150.jpg 150w, https:\/\/labiblechantee.com\/wp-content\/uploads\/2023\/04\/CLP2-cover-768x768.jpg 768w, https:\/\/labiblechantee.com\/wp-content\/uploads\/2023\/04\/CLP2-cover-100x100.jpg 100w, https:\/\/labiblechantee.com\/wp-content\/uploads\/2023\/04\/CLP2-cover.jpg 1000w\" sizes=\"auto, (max-width: 300px) 100vw, 300px\" \/><\/a><\/p>\n<p style=\"text-align: center;\"><strong>Musique<\/strong> : Mariana Le Roux (\u2020 2016)<br \/>\n<strong>Production, arrangements et clarinette<\/strong>\u00a0: Patrick Saporito<br \/>\nInterpr\u00e9t\u00e9 par une chorale d&rsquo;enfants de Figeac<span style=\"font-size: 1rem;\"><br \/>\n<\/span>\u00a9 2023<\/p>\n<p style=\"text-align: justify;\">Apr\u00e8s une toute nouvelle version des douze chants du premier volet CHANTONS LA PAROLE 1 pr\u00e9sentant la personne et l&rsquo;oeuvre de Dieu, voici CHANTONS LA PAROLE 2, vingt chants du deuxi\u00e8me volet qui traite de notre probl\u00e8me \u00e0 tous, le probl\u00e8me universel du mal, \u00e0 savoir le p\u00e9ch\u00e9, et de sa solution que seul Dieu pouvait apporter en J\u00e9sus-Christ .<\/p>\n<p style=\"text-align: justify;\">Ce deuxi\u00e8me volet (format carte USB ou en t\u00e9l\u00e9chargement) est \u00e9galement r\u00e9-orchestr\u00e9 par Patrick apr\u00e8s une premi\u00e8re version publi\u00e9e par Mariana.<\/p>\n<\/td>\n<\/tr>\n<\/tbody>\n<\/table>\n<p style=\"text-align: center;\">\n","protected":false},"excerpt":{"rendered":"<p>La Bible chant\u00e9e par les enfants \u00b7 CHANTONS LA PAROLE 2 (nouvelle version) La Bible chant\u00e9e par les enfants \u00b7 CHANTONS LA PAROLE 2 (nouvelle version) Chantons La Parole 2 (cliquer sur la pochette avoir pour le d\u00e9tail des chants) Musique : Mariana Le Roux (\u2020 2016) Production, arrangements et clarinette\u00a0: Patrick Saporito Interpr\u00e9t\u00e9 par &hellip; <\/p>\n<p class=\"link-more\"><a href=\"https:\/\/labiblechantee.com\/?page_id=674\" class=\"more-link\">Continuer la lecture<span class=\"screen-reader-text\"> de &laquo;&nbsp;Chantons La Parole 2&nbsp;&raquo;<\/span><\/a><\/p>\n","protected":false},"author":1,"featured_media":0,"parent":0,"menu_order":0,"comment_status":"closed","ping_status":"closed","template":"","meta":{"footnotes":""},"class_list":["post-674","page","type-page","status-publish","hentry"],"yoast_head":"<!-- This site is optimized with the Yoast SEO plugin v27.0 - https:\/\/yoast.com\/product\/yoast-seo-wordpress\/ -->\n<title>Chantons La Parole 2 - La Bible Chant\u00e9e<\/title>\n<meta name=\"description\" content=\"Musique : Mariana Le Roux (\u2020 2016)Production, arrangements et clarinette\u00a0: Patrick Saporito. Interpr\u00e9t\u00e9 par une chorale d&#039;enfants de Figeac\u00a9 2023Apr\u00e8s une toute nouvelle version des douze chants du premier volet CHANTONS LA PAROLE 1 pr\u00e9sentant la personne et l&#039;oeuvre de Dieu, voici CHANTONS LA PAROLE 2, vingt chants du deuxi\u00e8me volet qui traite de notre probl\u00e8me \u00e0 tous, le probl\u00e8me universel du mal, \u00e0 savoir le p\u00e9ch\u00e9, et de sa solution que seul Dieu pouvait apporter en J\u00e9sus-Christ . Ce deuxi\u00e8me volet est \u00e9galement r\u00e9-orchestr\u00e9 par Patrick apr\u00e8s une premi\u00e8re version publi\u00e9e par Mariana.\" \/>\n<meta name=\"robots\" content=\"index, follow, max-snippet:-1, max-image-preview:large, max-video-preview:-1\" \/>\n<link rel=\"canonical\" href=\"https:\/\/labiblechantee.com\/?page_id=674\" \/>\n<meta property=\"og:locale\" content=\"fr_FR\" \/>\n<meta property=\"og:type\" content=\"article\" \/>\n<meta property=\"og:title\" content=\"Chantons La Parole 2 - La Bible Chant\u00e9e\" \/>\n<meta property=\"og:description\" content=\"Musique : Mariana Le Roux (\u2020 2016)Production, arrangements et clarinette\u00a0: Patrick Saporito. Interpr\u00e9t\u00e9 par une chorale d&#039;enfants de Figeac\u00a9 2023Apr\u00e8s une toute nouvelle version des douze chants du premier volet CHANTONS LA PAROLE 1 pr\u00e9sentant la personne et l&#039;oeuvre de Dieu, voici CHANTONS LA PAROLE 2, vingt chants du deuxi\u00e8me volet qui traite de notre probl\u00e8me \u00e0 tous, le probl\u00e8me universel du mal, \u00e0 savoir le p\u00e9ch\u00e9, et de sa solution que seul Dieu pouvait apporter en J\u00e9sus-Christ . Ce deuxi\u00e8me volet est \u00e9galement r\u00e9-orchestr\u00e9 par Patrick apr\u00e8s une premi\u00e8re version publi\u00e9e par Mariana.\" \/>\n<meta property=\"og:url\" content=\"https:\/\/labiblechantee.com\/?page_id=674\" \/>\n<meta property=\"og:site_name\" content=\"La Bible Chant\u00e9e\" \/>\n<meta property=\"article:modified_time\" content=\"2024-06-18T09:35:29+00:00\" \/>\n<meta property=\"og:image\" content=\"https:\/\/labiblechantee.com\/wp-content\/uploads\/2023\/04\/CLP2-cover-300x300.jpg\" \/>\n<meta name=\"twitter:card\" content=\"summary_large_image\" \/>\n<meta name=\"twitter:label1\" content=\"Dur\u00e9e de lecture estim\u00e9e\" \/>\n\t<meta name=\"twitter:data1\" content=\"1 minute\" \/>\n<script type=\"application\/ld+json\" class=\"yoast-schema-graph\">{\"@context\":\"https:\/\/schema.org\",\"@graph\":[{\"@type\":\"WebPage\",\"@id\":\"https:\/\/labiblechantee.com\/?page_id=674\",\"url\":\"https:\/\/labiblechantee.com\/?page_id=674\",\"name\":\"Chantons La Parole 2 - La Bible Chant\u00e9e\",\"isPartOf\":{\"@id\":\"https:\/\/labiblechantee.com\/#website\"},\"primaryImageOfPage\":{\"@id\":\"https:\/\/labiblechantee.com\/?page_id=674#primaryimage\"},\"image\":{\"@id\":\"https:\/\/labiblechantee.com\/?page_id=674#primaryimage\"},\"thumbnailUrl\":\"https:\/\/labiblechantee.com\/wp-content\/uploads\/2023\/04\/CLP2-cover-300x300.jpg\",\"datePublished\":\"2023-04-12T13:47:14+00:00\",\"dateModified\":\"2024-06-18T09:35:29+00:00\",\"description\":\"Musique : Mariana Le Roux (\u2020 2016)Production, arrangements et clarinette\u00a0: Patrick Saporito. Interpr\u00e9t\u00e9 par une chorale d'enfants de Figeac\u00a9 2023Apr\u00e8s une toute nouvelle version des douze chants du premier volet CHANTONS LA PAROLE 1 pr\u00e9sentant la personne et l'oeuvre de Dieu, voici CHANTONS LA PAROLE 2, vingt chants du deuxi\u00e8me volet qui traite de notre probl\u00e8me \u00e0 tous, le probl\u00e8me universel du mal, \u00e0 savoir le p\u00e9ch\u00e9, et de sa solution que seul Dieu pouvait apporter en J\u00e9sus-Christ . Ce deuxi\u00e8me volet est \u00e9galement r\u00e9-orchestr\u00e9 par Patrick apr\u00e8s une premi\u00e8re version publi\u00e9e par Mariana.\",\"breadcrumb\":{\"@id\":\"https:\/\/labiblechantee.com\/?page_id=674#breadcrumb\"},\"inLanguage\":\"fr-FR\",\"potentialAction\":[{\"@type\":\"ReadAction\",\"target\":[\"https:\/\/labiblechantee.com\/?page_id=674\"]}]},{\"@type\":\"ImageObject\",\"inLanguage\":\"fr-FR\",\"@id\":\"https:\/\/labiblechantee.com\/?page_id=674#primaryimage\",\"url\":\"https:\/\/labiblechantee.com\/wp-content\/uploads\/2023\/04\/CLP2-cover.jpg\",\"contentUrl\":\"https:\/\/labiblechantee.com\/wp-content\/uploads\/2023\/04\/CLP2-cover.jpg\",\"width\":1000,\"height\":1000,\"caption\":\"Carte USB Chantons La Parole 2\"},{\"@type\":\"BreadcrumbList\",\"@id\":\"https:\/\/labiblechantee.com\/?page_id=674#breadcrumb\",\"itemListElement\":[{\"@type\":\"ListItem\",\"position\":1,\"name\":\"Accueil\",\"item\":\"https:\/\/labiblechantee.com\/\"},{\"@type\":\"ListItem\",\"position\":2,\"name\":\"Chantons La Parole 2\"}]},{\"@type\":\"WebSite\",\"@id\":\"https:\/\/labiblechantee.com\/#website\",\"url\":\"https:\/\/labiblechantee.com\/\",\"name\":\"La Bible Chant\u00e9e\",\"description\":\"Chantons la Parole\",\"publisher\":{\"@id\":\"https:\/\/labiblechantee.com\/#organization\"},\"potentialAction\":[{\"@type\":\"SearchAction\",\"target\":{\"@type\":\"EntryPoint\",\"urlTemplate\":\"https:\/\/labiblechantee.com\/?s={search_term_string}\"},\"query-input\":{\"@type\":\"PropertyValueSpecification\",\"valueRequired\":true,\"valueName\":\"search_term_string\"}}],\"inLanguage\":\"fr-FR\"},{\"@type\":\"Organization\",\"@id\":\"https:\/\/labiblechantee.com\/#organization\",\"name\":\"La Bible Chant\u00e9e\",\"url\":\"https:\/\/labiblechantee.com\/\",\"logo\":{\"@type\":\"ImageObject\",\"inLanguage\":\"fr-FR\",\"@id\":\"https:\/\/labiblechantee.com\/#\/schema\/logo\/image\/\",\"url\":\"https:\/\/labiblechantee.com\/wp-content\/uploads\/2022\/09\/filigrane-CLP.jpg\",\"contentUrl\":\"https:\/\/labiblechantee.com\/wp-content\/uploads\/2022\/09\/filigrane-CLP.jpg\",\"width\":150,\"height\":150,\"caption\":\"La Bible Chant\u00e9e\"},\"image\":{\"@id\":\"https:\/\/labiblechantee.com\/#\/schema\/logo\/image\/\"}}]}<\/script>\n<!-- \/ Yoast SEO plugin. -->","yoast_head_json":{"title":"Chantons La Parole 2 - La Bible Chant\u00e9e","description":"Musique : Mariana Le Roux (\u2020 2016)Production, arrangements et clarinette\u00a0: Patrick Saporito. Interpr\u00e9t\u00e9 par une chorale d'enfants de Figeac\u00a9 2023Apr\u00e8s une toute nouvelle version des douze chants du premier volet CHANTONS LA PAROLE 1 pr\u00e9sentant la personne et l'oeuvre de Dieu, voici CHANTONS LA PAROLE 2, vingt chants du deuxi\u00e8me volet qui traite de notre probl\u00e8me \u00e0 tous, le probl\u00e8me universel du mal, \u00e0 savoir le p\u00e9ch\u00e9, et de sa solution que seul Dieu pouvait apporter en J\u00e9sus-Christ . Ce deuxi\u00e8me volet est \u00e9galement r\u00e9-orchestr\u00e9 par Patrick apr\u00e8s une premi\u00e8re version publi\u00e9e par Mariana.","robots":{"index":"index","follow":"follow","max-snippet":"max-snippet:-1","max-image-preview":"max-image-preview:large","max-video-preview":"max-video-preview:-1"},"canonical":"https:\/\/labiblechantee.com\/?page_id=674","og_locale":"fr_FR","og_type":"article","og_title":"Chantons La Parole 2 - La Bible Chant\u00e9e","og_description":"Musique : Mariana Le Roux (\u2020 2016)Production, arrangements et clarinette\u00a0: Patrick Saporito. Interpr\u00e9t\u00e9 par une chorale d'enfants de Figeac\u00a9 2023Apr\u00e8s une toute nouvelle version des douze chants du premier volet CHANTONS LA PAROLE 1 pr\u00e9sentant la personne et l'oeuvre de Dieu, voici CHANTONS LA PAROLE 2, vingt chants du deuxi\u00e8me volet qui traite de notre probl\u00e8me \u00e0 tous, le probl\u00e8me universel du mal, \u00e0 savoir le p\u00e9ch\u00e9, et de sa solution que seul Dieu pouvait apporter en J\u00e9sus-Christ . Ce deuxi\u00e8me volet est \u00e9galement r\u00e9-orchestr\u00e9 par Patrick apr\u00e8s une premi\u00e8re version publi\u00e9e par Mariana.","og_url":"https:\/\/labiblechantee.com\/?page_id=674","og_site_name":"La Bible Chant\u00e9e","article_modified_time":"2024-06-18T09:35:29+00:00","og_image":[{"url":"https:\/\/labiblechantee.com\/wp-content\/uploads\/2023\/04\/CLP2-cover-300x300.jpg","type":"","width":"","height":""}],"twitter_card":"summary_large_image","twitter_misc":{"Dur\u00e9e de lecture estim\u00e9e":"1 minute"},"schema":{"@context":"https:\/\/schema.org","@graph":[{"@type":"WebPage","@id":"https:\/\/labiblechantee.com\/?page_id=674","url":"https:\/\/labiblechantee.com\/?page_id=674","name":"Chantons La Parole 2 - La Bible Chant\u00e9e","isPartOf":{"@id":"https:\/\/labiblechantee.com\/#website"},"primaryImageOfPage":{"@id":"https:\/\/labiblechantee.com\/?page_id=674#primaryimage"},"image":{"@id":"https:\/\/labiblechantee.com\/?page_id=674#primaryimage"},"thumbnailUrl":"https:\/\/labiblechantee.com\/wp-content\/uploads\/2023\/04\/CLP2-cover-300x300.jpg","datePublished":"2023-04-12T13:47:14+00:00","dateModified":"2024-06-18T09:35:29+00:00","description":"Musique : Mariana Le Roux (\u2020 2016)Production, arrangements et clarinette\u00a0: Patrick Saporito. Interpr\u00e9t\u00e9 par une chorale d'enfants de Figeac\u00a9 2023Apr\u00e8s une toute nouvelle version des douze chants du premier volet CHANTONS LA PAROLE 1 pr\u00e9sentant la personne et l'oeuvre de Dieu, voici CHANTONS LA PAROLE 2, vingt chants du deuxi\u00e8me volet qui traite de notre probl\u00e8me \u00e0 tous, le probl\u00e8me universel du mal, \u00e0 savoir le p\u00e9ch\u00e9, et de sa solution que seul Dieu pouvait apporter en J\u00e9sus-Christ . Ce deuxi\u00e8me volet est \u00e9galement r\u00e9-orchestr\u00e9 par Patrick apr\u00e8s une premi\u00e8re version publi\u00e9e par Mariana.","breadcrumb":{"@id":"https:\/\/labiblechantee.com\/?page_id=674#breadcrumb"},"inLanguage":"fr-FR","potentialAction":[{"@type":"ReadAction","target":["https:\/\/labiblechantee.com\/?page_id=674"]}]},{"@type":"ImageObject","inLanguage":"fr-FR","@id":"https:\/\/labiblechantee.com\/?page_id=674#primaryimage","url":"https:\/\/labiblechantee.com\/wp-content\/uploads\/2023\/04\/CLP2-cover.jpg","contentUrl":"https:\/\/labiblechantee.com\/wp-content\/uploads\/2023\/04\/CLP2-cover.jpg","width":1000,"height":1000,"caption":"Carte USB Chantons La Parole 2"},{"@type":"BreadcrumbList","@id":"https:\/\/labiblechantee.com\/?page_id=674#breadcrumb","itemListElement":[{"@type":"ListItem","position":1,"name":"Accueil","item":"https:\/\/labiblechantee.com\/"},{"@type":"ListItem","position":2,"name":"Chantons La Parole 2"}]},{"@type":"WebSite","@id":"https:\/\/labiblechantee.com\/#website","url":"https:\/\/labiblechantee.com\/","name":"La Bible Chant\u00e9e","description":"Chantons la Parole","publisher":{"@id":"https:\/\/labiblechantee.com\/#organization"},"potentialAction":[{"@type":"SearchAction","target":{"@type":"EntryPoint","urlTemplate":"https:\/\/labiblechantee.com\/?s={search_term_string}"},"query-input":{"@type":"PropertyValueSpecification","valueRequired":true,"valueName":"search_term_string"}}],"inLanguage":"fr-FR"},{"@type":"Organization","@id":"https:\/\/labiblechantee.com\/#organization","name":"La Bible Chant\u00e9e","url":"https:\/\/labiblechantee.com\/","logo":{"@type":"ImageObject","inLanguage":"fr-FR","@id":"https:\/\/labiblechantee.com\/#\/schema\/logo\/image\/","url":"https:\/\/labiblechantee.com\/wp-content\/uploads\/2022\/09\/filigrane-CLP.jpg","contentUrl":"https:\/\/labiblechantee.com\/wp-content\/uploads\/2022\/09\/filigrane-CLP.jpg","width":150,"height":150,"caption":"La Bible Chant\u00e9e"},"image":{"@id":"https:\/\/labiblechantee.com\/#\/schema\/logo\/image\/"}}]}},"_links":{"self":[{"href":"https:\/\/labiblechantee.com\/index.php?rest_route=\/wp\/v2\/pages\/674","targetHints":{"allow":["GET"]}}],"collection":[{"href":"https:\/\/labiblechantee.com\/index.php?rest_route=\/wp\/v2\/pages"}],"about":[{"href":"https:\/\/labiblechantee.com\/index.php?rest_route=\/wp\/v2\/types\/page"}],"author":[{"embeddable":true,"href":"https:\/\/labiblechantee.com\/index.php?rest_route=\/wp\/v2\/users\/1"}],"replies":[{"embeddable":true,"href":"https:\/\/labiblechantee.com\/index.php?rest_route=%2Fwp%2Fv2%2Fcomments&post=674"}],"version-history":[{"count":23,"href":"https:\/\/labiblechantee.com\/index.php?rest_route=\/wp\/v2\/pages\/674\/revisions"}],"predecessor-version":[{"id":1377,"href":"https:\/\/labiblechantee.com\/index.php?rest_route=\/wp\/v2\/pages\/674\/revisions\/1377"}],"wp:attachment":[{"href":"https:\/\/labiblechantee.com\/index.php?rest_route=%2Fwp%2Fv2%2Fmedia&parent=674"}],"curies":[{"name":"wp","href":"https:\/\/api.w.org\/{rel}","templated":true}]}}